ors of 20785958.
2, 887, 11717
List the prime factors of 104861.
19, 5519
List the prime factors of 10329113.
10329113
List the prime factors of 154687.
13, 73, 163
List the prime factors of 2753693.
2753693
List the prime factors of 1671177.
3, 557059
List the prime factors of 8654763.
3, 13, 313, 709
What are the prime factors of 5198894?
2, 19, 136813
What are the prime factors of 217052?
2, 11, 4933
What are the prime factors of 4239809?
7, 605687
List the prime factors of 438078.
2, 3, 73013
What are the prime factors of 2215347?
3, 53, 13933
What are the prime factors of 237087?
3, 2927
List the prime factors of 380036.
2, 95009
List the prime factors of 4250972.
2, 11, 8783
What are the prime factors of 268034?
2, 13, 61
List the prime factors of 9320289.
3, 11, 59, 4787
What are the prime factors of 17556?
2, 3, 7, 11, 19
List the prime factors of 330326.
2, 23, 43, 167
List the prime factors of 141801.
3, 11, 4297
List the prime factors of 17110540.
2, 5, 855527
What are the prime factors of 114980?
2, 5, 5749
List the prime factors of 1213285.
5, 151, 1607
What are the prime factors of 408102?
2, 3, 17, 4001
What are the prime factors of 786065?
5, 7, 37, 607
What are the prime factors of 3851246?
2, 7, 239, 1151
What are the prime factors of 192142?
2, 23, 4177
What are the prime factors of 394566?
2, 3, 65761
List the prime factors of 34509740.
2, 5, 83, 20789
List the prime factors of 163933.
7, 11, 2129
List the prime factors of 6873065.
5, 1374613
List the prime factors of 28041902.
2, 7, 2002993
List the prime factors of 11382915.
3, 5, 227, 3343
What are the prime factors of 1454869?
13, 111913
List the prime factors of 146601.
3, 7, 13, 179
What are the prime factors of 2107405?
5, 17, 24793
List the prime factors of 864392.
2, 167, 647
List the prime factors of 52076.
2, 47, 277
What are the prime factors of 885386?
2, 47, 9419
List the prime factors of 652580.
2, 5, 67, 487
What are the prime factors of 5093796?
2, 3, 31, 13693
List the prime factors of 2817079.
2817079
List the prime factors of 23288327.
43, 541589
What are the prime factors of 347207?
7, 193, 257
List the prime factors of 29339629.
11, 19, 140381
What are the prime factors of 175050?
2, 3, 5, 389
What are the prime factors of 341320?
2, 5, 7, 23, 53
What are the prime factors of 253053?
3, 31, 907
List the prime factors of 61055.
5, 12211
List the prime factors of 5968752.
2, 3, 124349
List the prime factors of 5372525.
5, 311, 691
List the prime factors of 20212181.
11, 19, 97, 997
List the prime factors of 1612103.
691, 2333
List the prime factors of 21799.
21799
What are the prime factors of 4829524?
2, 7, 137, 1259
List the prime factors of 1221666.
2, 3, 37, 5503
List the prime factors of 238221.
3, 17, 173
What are the prime factors of 31571872?
2, 83, 11887
What are the prime factors of 1843893?
3, 19, 41, 263
What are the prime factors of 412199?
17, 24247
What are the prime factors of 636772?
2, 159193
List the prime factors of 684731.
684731
What are the prime factors of 22118485?
5, 4423697
List the prime factors of 420449.
53, 7933
List the prime factors of 6047574.
2, 3, 13, 23, 3371
List the prime factors of 31514971.
5569, 5659
What are the prime factors of 107185?
5, 13, 17, 97
List the prime factors of 1066123.
41, 26003
List the prime factors of 771703.
771703
List the prime factors of 49803.
3, 13, 1277
List the prime factors of 2978196.
2, 3, 13, 17, 1123
What are the prime factors of 327974?
2, 163987
List the prime factors of 4402464.
2, 3, 11, 379
What are the prime factors of 194417?
433, 449
What are the prime factors of 2211639?
3, 181, 4073
What are the prime factors of 13081492?
2, 3270373
List the prime factors of 16591869.
3, 7, 223, 1181
List the prime factors of 2088748.
2, 449, 1163
What are the prime factors of 197399?
109, 1811
What are the prime factors of 1746660?
2, 3, 5, 43, 677
List the prime factors of 360138.
2, 3, 193, 311
What are the prime factors of 7559111?
7, 23, 29, 1619
What are the prime factors of 9198353?
9198353
What are the prime factors of 65449?
65449
List the prime factors of 2388579.
3, 796193
List the prime factors of 10585639.
10585639
List the prime factors of 650678.
2, 7, 46477
What are the prime factors of 114861?
3, 38287
List the prime factors of 3224158.
2, 7, 41, 137
What are the prime factors of 1013885?
5, 202777
What are the prime factors of 556260?
2, 3, 5, 73, 127
List the prime factors of 14501220.
2, 3, 5, 241687
What are the prime factors of 372516?
2, 3, 37, 839
What are the prime factors of 3203298?
2, 3, 7, 25423
List the prime factors of 1203713.
7, 61, 2819
What are the prime factors of 3575261?
31, 115331
List the prime factors of 1369158.
2, 3, 7, 4657
What are the prime factors of 2195284?
2, 7, 13, 37, 163
What are the prime factors of 1912891?
17, 6619
List the prime factors of 41728.
2, 163
What are the prime factors of 450282?
2, 3, 7, 71, 151
What are the prime factors of 2015444?
2, 19, 23, 1153
What are the prime factors of 3821276?
2, 955319
What are the prime factors of 158862?
2, 3, 11, 29, 83
List the prime factors of 6367358.
2, 3183679
List the prime factors of 325950.
2, 3, 5, 41, 53
What are the prime factors of 141140?
2, 5, 7057
What are the prime factors of 8319483?
3, 308129
What are the prime factors of 504537?
3, 11, 15289
What are the prime factors of 19523347?
19523347
List the prime factors of 132782.
2, 13, 5107
List the prime factors of 224191.
11, 89, 229
List the prime factors of 15079786.
2, 7539893
List the prime factors of 1681651.
1681651
List the prime factors of 2596359.
3, 17, 50909
List the prime factors of 2062668.
2, 3, 171889
List the prime factors of 2164414.
2, 7, 53, 2917
What are the prime factors of 28387?
28387
List the prime factors of 736903.
736903
What are the prime factors of 427584?
2, 3, 17, 131
List the prime factors of 891739.
431, 2069
List the prime factors of 1902484.
2, 475621
What are the prime factors of 4111255?
5, 37, 71, 313
List the prime factors of 114106.
2, 59, 967
What are the prime factors of 8371262?
2, 881, 4751
List the prime factors of 1003739.
11, 91249
List the prime factors of 6901343.
2557, 2699
What are the prime factors of 2364346?
2, 137, 8629
List the prime factors of 12823545.
3, 5, 7, 73, 239
List the prime factors of 160405.
5, 7, 4583
List the prime factors of 1268103.
3, 422701
List the prime factors of 1845835.
5, 79, 4673
What are the prime factors of 118865?
5, 23773
List the prime factors of 227040.
2, 3, 5, 11, 43
What are the prime factors of 4886606?
2, 43, 56821
List the prime factors of 7044780.
2, 3, 5, 117413
List the prime factors of 935699.
935699
What are the prime factors of 497733?
3, 251, 661
What are the prime factors of 3149474?
2, 1574737
What are the prime factors of 508554?
2, 3, 19, 1487
List the prime factors of 4701927.
3, 47, 33347
What are the prime factors of 741462?
2, 3, 191, 647
What are the prime factors of 539529?
3, 17, 71, 149
What are the prime factors of 10475054?
2, 5237527
List the prime factors of 1814981.
7, 251, 1033
What are the prime factors of 215990?
2, 5, 21599
What are the prime factors of 304321?
163, 1867
What are the prime factors of 961119?
3, 35597
What are the prime factors of 71996?
2, 41, 439
What are the prime factors of 41224?
2, 5153
List the prime factors of 9843426.
2, 3, 467, 1171
List the prime factors of 334836.
2, 3, 71, 131
What are the prime factors of 797387?
23, 37, 937
List the prime factors of 6194957.
173, 35809
What are the prime factors of 275655?
3, 5, 17, 23, 47
What are the prime factors of 346746?
2, 3, 57791
What are the prime factors of 323468?
2, 193, 419
List the prime factors of 6671798.
2, 7, 29, 16433
What are the prime factors of 5398537?
17, 23, 13807
What are the prime factors of 521411?
11, 107, 443
List the prime factors of 1308210.
2, 3, 5, 43607
List the prime factors of 11419866.
2, 3, 157, 449
List the prime factors of 220923.
3, 24547
What are the prime factors of 1204738?
2, 167, 3607
List the prime factors of 4705672.
2, 521, 1129
List the prime factors of 6658177.
83, 97, 827
What are the prime factors of 290109?
3, 96703
List the prime factors of 580328.
2, 7, 43, 241
What are the prim